277632?
16
What is the remainder when 2144053 is divided by 11344?
37
What is the remainder when 299336 is divided by 1750?
86
Calculate the remainder when 20929416 is divided by 20009.
2
Calculate the remainder when 2763722 is divided by 1649.
1647
Calculate the remainder when 151177 is divided by 150924.
253
Calculate the remainder when 907 is divided by 146.
31
Calculate the remainder when 736845 is divided by 2856.
2853
What is the remainder when 71671 is divided by 1198?
989
Calculate the remainder when 1967609 is divided by 481.
319
What is the remainder when 143721489 is divided by 487?
484
Calculate the remainder when 301705 is divided by 797.
439
Calculate the remainder when 41561632 is divided by 5937376.
0
What is the remainder when 22298 is divided by 314?
4
Calculate the remainder when 235227 is divided by 109.
5
Calculate the remainder when 81513 is divided by 181.
63
Calculate the remainder when 23615 is divided by 369.
368
Calculate the remainder when 152827 is divided by 50901.
124
What is the remainder when 29163 is divided by 102?
93
Calculate the remainder when 181234 is divided by 13935.
79
Calculate the remainder when 10254620 is divided by 296.
292
What is the remainder when 1356374 is divided by 169495?
414
Calculate the remainder when 27347044 is divided by 76.
40
Calculate the remainder when 14226433 is divided by 677447.
46
What is the remainder when 453594 is divided by 56697?
18
What is the remainder when 8569973 is divided by 1312?
1301
What is the remainder when 514933 is divided by 27?
16
What is the remainder when 966530 is divided by 174?
134
Calculate the remainder when 5871 is divided by 115.
6
Calculate the remainder when 31629 is divided by 5689.
3184
Calculate the remainder when 239757 is divided by 59935.
17
What is the remainder when 3786587 is divided by 6?
5
What is the remainder when 187521 is divided by 199?
63
Calculate the remainder when 46392 is divided by 46019.
373
What is the remainder when 891531 is divided by 1251?
819
Calculate the remainder when 20083932 is divided by 6694596.
144
What is the remainder when 226586 is divided by 713?
565
Calculate the remainder when 8918 is divided by 1206.
476
What is the remainder when 3527894 is divided by 1907?
1851
Calculate the remainder when 2253895 is divided by 1376.
7
What is the remainder when 9319263 is divided by 37?
36
Calculate the remainder when 1356279 is divided by 105.
99
What is the remainder when 31575 is divided by 31110?
465
What is the remainder when 129649716 is divided by 156?
144
Calculate the remainder when 37056193 is divided by 123.
106
What is the remainder when 27922 is divided by 6929?
206
What is the remainder when 105397 is divided by 3634?
11
What is the remainder when 8294439 is divided by 77?
76
What is the remainder when 214666 is divided by 300?
166
What is the remainder when 1099070 is divided by 221?
37
What is the remainder when 148107 is divided by 5714?
5257
What is the remainder when 76904 is divided by 434?
86
Calculate the remainder when 13851173 is divided by 659579.
14
Calculate the remainder when 31838351 is divided by 244.
11
Calculate the remainder when 11045267 is divided by 2039.
4
What is the remainder when 193983169 is divided by 5104820?
9
What is the remainder when 1198936 is divided by 599372?
192
Calculate the remainder when 209672 is divided by 207389.
2283
Calculate the remainder when 242666 is divided by 2772.
1502
Calculate the remainder when 124187729 is divided by 1637.
1635
What is the remainder when 14583315 is divided by 2939?
2936
What is the remainder when 2626957 is divided by 875446?
619
Calculate the remainder when 10306 is divided by 8760.
1546
Calculate the remainder when 3631451 is divided by 12696.
395
What is the remainder when 170631 is divided by 2752?
7
Calculate the remainder when 107654 is divided by 6933.
3659
Calculate the remainder when 15267238 is divided by 35.
28
Calculate the remainder when 335606 is divided by 13983.
14
Calculate the remainder when 7329 is divided by 913.
25
What is the remainder when 26376 is divided by 12841?
694
Calculate the remainder when 71851 is divided by 119.
94
Calculate the remainder when 26694 is divided by 3.
0
What is the remainder when 174762247 is divided by 1092264?
7
What is the remainder when 20232819 is divided by 293?
290
What is the remainder when 850894 is divided by 170167?
59
What is the remainder when 68512 is divided by 68265?
247
Calculate the remainder when 133193518 is divided by 1305.
1303
What is the remainder when 655689 is divided by 1660?
1649
Calculate the remainder when 758777 is divided by 2012.
253
Calculate the remainder when 521771 is divided by 260218.
1335
What is the remainder when 91845 is divided by 10154?
459
Calculate the remainder when 10938622 is divided by 16624.
30
Calculate the remainder when 18623356 is divided by 1998.
1996
What is the remainder when 71640024 is divided by 1285?
1274
Calculate the remainder when 38863 is divided by 5176.
2631
Calculate the remainder when 115375 is divided by 359.
136
What is the remainder when 1913590 is divided by 11390?
70
What is the remainder when 10876263 is divided by 94?
87
Calculate the remainder when 78428252 is divided by 16.
12
What is the remainder when 3662489 is divided by 100?
89
Calculate the remainder when 80926097 is divided by 1187.
1185
Calculate the remainder when 63465179 is divided by 163.
151
Calculate the remainder when 20764803 is divided by 21766.
39
What is the remainder when 671181 is divided by 16365?
216
What is the remainder when 3633149 is divided by 908277?
41
What is the remainder when 236927359 is divided by 16?
15
What is the remainder when 2647129 is divided by 241?
226
What is the remainder when 85876503 is divided by 59?
56
What is the remainder when 27118408 is divided by 3967?
3963
What is the remainder when 32632305 is divided by 207?
204
What is the remainder when 46572276 is divided by 384?
372
Calculate the remainder when 1823190182 is divided by 9.
8
Calculate the remainder when 48194 is divided by 15630.
1304
Calculate the remainder when 1090680 is divided by 248.
224
What is the remainder when 62420 is divided by 5332?
3768
Calculate the remainder when 876638 is divided by 9.
2
Calculate the remainder when 26064 is divided by 3386.
2362
Calculate the remainder when 1913474 is divided by 4132.
358
What is the remainder when 108126399 is divided by 61?
56
Calculate the remainder when 927549 is divided by 628.
621
Calculate the remainder when 71159941 is divided by 216951.
13
What is the remainder when 115602 is divided by 916?
186
What is the remainder when 503444 is divided by 15732?
20
What is the remainder when 8439003 is divided by 3221?
3204
What is the remainder when 3211881 is divided by 3211672?
209
Calculate the remainder when 3840928 is divided by 3840911.
17
What is the remainder when 66471 is divided by 22132?
75
What is the remainder when 11772570 is divided by 656?
650
Calculate the remainder when 427185358 is divided by 85437070.
8
Calculate the remainder when 6879936 is divided by 2293309.
9
Calculate the remainder when 11223878 is divided by 15.
8
What is the remainder when 1951325 is divided by 3654?
89
Calculate the remainder when 297499444 is divided by 4325.
4319
What is the remainder when 2661359 is divided by 4211?
7
Calculate the remainder when 5687423 is divided by 153714.
5
Calculate the remainder when 6377923 is divided by 281.
66
Calculate the remainder when 95635 is divided by 1124.
95
Calculate the remainder when 109775 is divided by 2517.
1544
What is the remainder when 702309 is divided by 2054?
1895
What is the remainder when 3142730 is divided by 84?
38
What is the remainder when 249421 is divided by 605?
161
Calculate the remainder when 8921562 is divided by 568.
554
What is the remainder when 7349142 is divided by 29?
20
What is the remainder when 37574 is divided by 12514?
32
Calculate the remainder when 1595357 is divided by 797663.
31
Calculate the remainder when 29239 is divided by 287.
252
What is the remainder when 181293 is divided by 25888?
77
Calculate the remainder when 656506 is divided by 327770.
966
What is the remainder when 393810 is divided by 6990?
2370
What 